late u(-9).
-72
Let p(y) = 165*y + 654. What is p(-4)?
-6
Let d(x) = -x**3 - 5*x**2 + 7*x + 11. Calculate d(-8).
147
Let p(u) = 2*u**2 - 6*u - 8. Give p(4).
0
Let p(g) = -g**2 + 20*g - 90. Give p(14).
-6
Let b(y) = -16*y - 47. Calculate b(-3).
1
Let i(j) = -55*j - 1096. What is i(-20)?
4
Let f(r) = r**3 - 9*r**2 + 10*r + 5. What is f(6)?
-43
Let k(l) = -l - 4. Determine k(1).
-5
Let k(a) = -a**3 + 7*a**2 + 10*a. Calculate k(8).
16
Let o(p) = p**2 + 15*p - 13. Calculate o(-16).
3
Let y(v) = 3*v - 7. Give y(4).
5
Let l(w) = -9*w - 18. Calculate l(-3).
9
Let r(x) = -19*x - 6. Determine r(5).
-101
Let i(p) = -44*p - 227. Calculate i(-5).
-7
Let a(d) = -3*d - 79. Calculate a(0).
-79
Let o(t) = -22*t - 105. Give o(-5).
5
Let i(q) = 2*q**3 + 10*q**2 - 18*q - 22. Calculate i(-6).
14
Let y(k) = -k**3 - 10*k**2 - 4*k + 3. Determine y(-6).
-117
Let a(k) = 2*k**3 + 10*k**2 - k - 6. Calculate a(-5).
-1
Let f(m) = m**2 - 10*m + 26. Calculate f(7).
5
Let a(f) = -11*f**3 + f**2 + 2*f. What is a(-1)?
10
Let h(m) = -m. Determine h(-2).
2
Let f(z) = z**2 - 18*z - 88. Calculate f(20).
-48
Let v(k) = -4*k - 39. Calculate v(-9).
-3
Let w(y) = 6*y**3 + 4*y**2 + 4*y + 3. Determine w(-2).
-37
Let b(c) = 2*c**3 - c**2 - 6*c + 9. Determine b(2).
9
Let n(b) = -51*b**3 + b**2. Determine n(-1).
52
Let u(g) = 4*g + 38. What is u(-10)?
-2
Let i(w) = w**3 + 4*w**2 + 1. Calculate i(-4).
1
Let u(g) = -g**2 + 11*g + 11. What is u(-1)?
-1
Let b(x) = x**3 + 2*x**2 - 9*x + 1. Give b(-5).
-29
Let y(k) = 10*k**2 + 15*k + 15. Determine y(-1).
10
Let z(n) = n**3 + 2*n**2 + 8*n + 3. Give z(-4).
-61
Let s(l) = -l - 48. Give s(-40).
-8
Let q(a) = -57*a**3 + 1. Give q(-1).
58
Let d(j) = -42*j**3 + j**2 + 4*j + 3. Give d(-1).
42
Let t(l) = -8*l - 3. Give t(-1).
5
Let j(u) = -u**3 + 10*u**2 + 38*u + 3. Calculate j(13).
-10
Let m(k) = 2*k**2 + 2*k - 5. Give m(0).
-5
Let j(w) = -w**2 + 4*w + 18. Calculate j(5).
13
Let i(f) = f**2 - 14*f + 32. Determine i(11).
-1
Let z(x) = x**2 - 6*x + 6. What is z(5)?
1
Let p(y) = -y**3 - 14*y**2 + 20*y + 81. Determine p(-15).
6
Let v(q) = 2*q - 23. Calculate v(7).
-9
Let j(z) = -z**3 - 7*z**2 - z - 10. What is j(-7)?
-3
Let k(h) = -h**3 - 5*h**2 + 5*h + 2. What is k(-3)?
-31
Let u(m) = 16*m**2 + 120*m - 59. Calculate u(-8).
5
Let t(u) = u**3 - 4*u**2 - 3*u - 8. What is t(5)?
2
Let o(b) = -b**3 - 4*b**2 + b - 5. Give o(-4).
-9
Let c(z) = -z**3 + 13*z**2 - 14*z + 18. Determine c(12).
-6
Let v(o) = -5*o + 4. What is v(-3)?
19
Let z(i) = -3*i**2 + 8*i - 4. What is z(2)?
0
Let f(s) = s**2 - 13*s + 11. Calculate f(12).
-1
Let k(f) = f - 21. Give k(19).
-2
Let v(k) = 2*k**3 - 22*k**2 + 39*k - 19. Determine v(9).
8
Let m(p) = 36*p + 347. What is m(-10)?
-13
Let r(g) = -2*g + 6. Calculate r(8).
-10
Let t(o) = o**2 - 2*o - 4. Determine t(-3).
11
Let d(o) = -o**3 + 2*o**2 - o + 3. Calculate d(3).
-9
Let k(r) = 14*r + 91. What is k(-6)?
7
Let m(o) = -o**2 + o + 5. Give m(-5).
-25
Let w(b) = b**3 + 18*b**2 - b - 17. Give w(-18).
1
Let u(w) = w**3 + 13*w**2 - 11*w + 29. Determine u(-14).
-13
Let v(d) = -d**3 - 4*d**2 - 2*d - 3. Calculate v(-5).
32
Let p(a) = -a**3 - 6*a**2 + 3*a - 52. Determine p(-7).
-24
Let t(q) = q**3 + 3*q**2 - 8*q + 4. Determine t(-4).
20
Let a(v) = -6*v + 2. Calculate a(-3).
20
Let b(y) = y + 3. What is b(-13)?
-10
Let y(k) = -k + 5. Determine y(-16).
21
Let l(i) = i**3 - 14*i**2 + 3*i - 48. Determine l(14).
-6
Let w(o) = -o**2 - 2*o. Calculate w(-2).
0
Let m(w) = -w**3 - 15*w**2 + 23*w + 50. Determine m(-16).
-62
Let c(p) = p**2 - 19*p + 49. What is c(14)?
-21
Let o(g) = -g**2 + 13*g - 33. Give o(8).
7
Let a(g) = g**2 + 24*g + 59. Determine a(-21).
-4
Let h(x) = -x**3 + 17*x**2 - 15*x - 5. What is h(16)?
11
Let h(y) = y**3 - 21*y**2 - 49*y + 55. Determine h(23).
-14
Let f(o) = 4*o - 16. Determine f(4).
0
Let q(w) = -w**2 + 5*w + 13. What is q(8)?
-11
Let x(w) = -6*w + 63. Calculate x(10).
3
Let k(z) = -z**3 + z**2 + 18. What is k(0)?
18
Let c(y) = y**3 - 8*y**2 + y + 1. Determine c(5).
-69
Let p(t) = -9*t**3 + t - 1. Calculate p(-1).
7
Let r(z) = z**3 - 10*z**2 - 13*z - 16. Calculate r(11).
-38
Let c(r) = -15*r + 42. Give c(7).
-63
Let b(j) = 2*j**3 + j**2 + 4*j + 3. Calculate b(-2).
-17
Let x(f) = f**3 + 14*f**2 + 16*f + 6. Calculate x(-13).
-33
Let a(o) = 5*o**2 + 3*o - 2. What is a(1)?
6
Let c(w) = w**3 - 13*w**2 + 13*w - 10. Calculate c(12).
2
Let a(u) = 9*u + 12. Calculate a(-1).
3
Let o(u) = -u**2 - 3*u + 5. Determine o(0).
5
Let y(g) = -g**2 + 9*g + 266. Give y(-13).
-20
Let l(k) = -k**2 + 9*k - 8. Determine l(6).
10
Let y(u) = 3*u**2 + 8*u + 11. Give y(-2).
7
Let l(a) = a + 11. Calculate l(-11).
0
Let h(f) = -5*f + 6. Calculate h(-4).
26
Let c(p) = -p**3 - p**2 - 7*p + 12. Calculate c(-3).
51
Let f(s) = s**3 + 3*s**2 + 4. Calculate f(-5).
-46
Let i(s) = -s**2 - 10*s - 6. Determine i(-8).
10
Let b(m) = m**3 - 5*m**2 + 8*m - 10. Give b(4).
6
Let q(j) = j**2 + 17*j - 23. Calculate q(-18).
-5
Let p(k) = -k**3 - 5*k**2 + 6*k + 8. Give p(-7).
64
Let q(u) = -4*u + 2. Calculate q(-2).
10
Let t(j) = -j + 22. Determine t(8).
14
Let u(y) = -y**2 - 6*y - 1. Determine u(-5).
4
Let f(l) = l**3 - 8*l**2 + 14*l + 3. Give f(5).
-2
Let x(z) = z - 14. Give x(8).
-6
Let k(h) = -h**2 - 6*h + 25. Calculate k(7).
-66
Let g(z) = 2*z - 1. Determine g(15).
29
Let y(t) = -t**2 + 18*t - 5. Calculate y(15).
40
Let q(c) = -4*c + 6. Calculate q(15).
-54
Let a(x) = -x**2 - 24*x + 93. Give a(-27).
12
Let n(k) = -9*k - 50. Calculate n(-19).
121
Let z(v) = 3*v - 12. Give z(5).
3
Let y(o) = -31*o + 47. Give y(2).
-15
Let o(v) = 2*v**2 + 13*v - 2. Give o(-8).
22
Let v(z) = z**3 - 6*z**2 - 7. Give v(6).
-7
Let y(m) = m**2 - 2*m. Determine y(4).
8
Let f(r) = r**2 + 5*r - 9. What is f(-8)?
15
Let j(f) = -f**2 + 18*f - 7. Determine j(12).
65
Let q(h) = -h. Calculate q(-6).
6
Let p(q) = -14*q - 71. Calculate p(-5).
-1
Let w(k) = k**3 + 14*k**2 - k - 37. Give w(-13).
145
Let g(n) = -2*n**2 + 2*n - 5. Determine g(5).
-45
Let h(c) = -2*c - 5. Calculate h(0).
-5
Let d(s) = 2*s. Give d(10).
20
Let u(w) = 19*w**2 - 1. Give u(-1).
18
Let j(t) = -5*t - 7. Calculate j(-8).
33
Let d(o) = -o**2 - 7*o + 20. Determine d(-9).
2
Let x(d) = d**2 - 11*d - 79. Calculate x(-4).
-19
Let n(t) = -3*t**2 - 8*t - 2. What is n(-3)?
-5
Let m(o) = 8*o - 18. Determine m(10).
62
Let c(w) = 43*w - 781. Give c(18).
-7
Let l(o) = 87*o - 605. What is l(7)?
4
Let p(g) = -2*g + 45. Calculate p(33).
-21
Let i(a) = -a - 26. Calculate i(-33).
7
Let r(q) = -q**3 + 6*q**2 + 6*q + 4. Calculate r(6).
40
Let k(p) = -p**3 - 22*p**2 - 20*p + 17. Give k(-21).
-4
Let y(i) = -2*i - 2. Determine y(7).
-16
Let g(o) = -o**3 - 12*o**2 - 11*o + 2. What is g(-11)?
2
Let u(q) = -q**2 - 2*q + 12. Determine u(-5).
-3
Let x(v) = -2*v**3 - 32*v**2 - v - 17. Give x(-16).
-1
Let v(z) = -4*z**3 + 35*z**2 + 12*z - 40. What is v(9)?
-13
Let j(w) = -w**3 - 6*w**2 + 8*w + 7. Give j(-7).
0
Let m(z) = -2*z**3 + z**2. Calculate m(2).
-12
Let w(d) = -6*d - 19. Give w(5).
-49
Let u(z) = -3*z**3 + 2*z**2 + 4*z - 4. Give u(1).
-1
Let x(d) = d**3 + 10*d**2 + 9*d - 2. Calculate x(-9).
-2
Let t(n) = 2*n**3 - 62*n**2 + n - 20. What is t(31)?
11
Let j(z) = -z**3 + 2*z**2 + 2*z + 7. Determine j(3).
4
Let b(h) = 11*h**3 + 1. Determine b(-2).
-87
Let c(m) = 2*m**3 + 10*m**2 + 1. Give c(-5).
1
Let u(w) = -2*w**3 - 6*w**2 + 8*w + 20. What is u(-3)?
-4
Let z(l) = 2*l**2 + 4*l. Calculate z(-3).
6
Let x(z) = -z**3 - 11*z**2 - 9*z. Determine x(-10).
-10
Let d(l) = l + 18. Calculate d(-22).
-4
Let o(v) = v**3 + 12*v**2 - 17*v - 60. Give o(-13).
-8
Let g(a) = -a**2 + 11*a + 25. Determine g(12).
13
Let o(f) = f**2 + 8*f + 6. What is o(-6)?
-6
Let o(v) = -15*v - 4. Determine o(-3).
41
Let o(q) = 13*q - 6. What is o(2)?
20
Let c(r) = 6*r - 134. Determine c(21).
-8
Let t(a) = -2*a + 1. Determine t(3).
-5
Let u(i) = -18*i - 175. Give u(-10).
5
Let z(u) = 13*u - 16. What is z(0)?
-16
Let m(v) = -2*v - 39. What is m(-18)?
-3
Let z(d) = -2*d - 38. Give z(27).
-92
Let l(g) = -g**3 - 33*g**2 - 33*g - 34. What is l(-32)?
-2
Let p(g) = -293*g + 6. Give p(0).
6
Let m(f) = -f**3 + 4*f**2 + 11*f - 4. What is m(5)?
26
Let v(m) = -m**2 - 8*m - 11. Determine v(-5).
4
Let j(z) = -z**2 + 13*z + 9. Give j(14).
-5
Let q(v) = -14*v + 6. Calculate q(0).
6
Let x(w) = 5*w - 18. Give x(9).
